?
43951
List the prime factors of 35331.
3, 11777
List the prime factors of 15260.
2, 5, 7, 109
List the prime factors of 8010.
2, 3, 5, 89
What are the prime factors of 2459?
2459
List the prime factors of 4450.
2, 5, 89
List the prime factors of 1827.
3, 7, 29
List the prime factors of 3187.
3187
What are the prime factors of 46304?
2, 1447
What are the prime factors of 2396?
2, 599
List the prime factors of 3254.
2, 1627
List the prime factors of 5448.
2, 3, 227
What are the prime factors of 561?
3, 11, 17
What are the prime factors of 6190?
2, 5, 619
List the prime factors of 2741.
2741
What are the prime factors of 504?
2, 3, 7
List the prime factors of 1236.
2, 3, 103
What are the prime factors of 1754?
2, 877
What are the prime factors of 52770?
2, 3, 5, 1759
What are the prime factors of 54947?
23, 2389
List the prime factors of 121308.
2, 3, 11, 919
What are the prime factors of 1891?
31, 61
What are the prime factors of 127924?
2, 31981
List the prime factors of 1362.
2, 3, 227
What are the prime factors of 429?
3, 11, 13
What are the prime factors of 100?
2, 5
List the prime factors of 1429.
1429
What are the prime factors of 683?
683
List the prime factors of 2353.
13, 181
List the prime factors of 10011.
3, 47, 71
List the prime factors of 1626.
2, 3, 271
List the prime factors of 22171.
22171
List the prime factors of 34812.
2, 3, 967
List the prime factors of 828.
2, 3, 23
What are the prime factors of 1554?
2, 3, 7, 37
What are the prime factors of 3278?
2, 11, 149
List the prime factors of 25270.
2, 5, 7, 19
What are the prime factors of 61654?
2, 29, 1063
What are the prime factors of 3255?
3, 5, 7, 31
What are the prime factors of 41174?
2, 7, 17, 173
What are the prime factors of 4215?
3, 5, 281
What are the prime factors of 5197?
5197
What are the prime factors of 744?
2, 3, 31
List the prime factors of 53310.
2, 3, 5, 1777
What are the prime factors of 11744?
2, 367
What are the prime factors of 556?
2, 139
List the prime factors of 59333.
59333
List the prime factors of 6902.
2, 7, 17, 29
What are the prime factors of 6746?
2, 3373
List the prime factors of 4258.
2, 2129
List the prime factors of 793.
13, 61
List the prime factors of 2925.
3, 5, 13
List the prime factors of 48730.
2, 5, 11, 443
List the prime factors of 776.
2, 97
List the prime factors of 202426.
2, 7, 19, 761
What are the prime factors of 26648?
2, 3331
List the prime factors of 380.
2, 5, 19
List the prime factors of 4002.
2, 3, 23, 29
What are the prime factors of 38114?
2, 17, 19, 59
List the prime factors of 10348.
2, 13, 199
List the prime factors of 12550.
2, 5, 251
What are the prime factors of 31247?
31247
What are the prime factors of 21695?
5, 4339
What are the prime factors of 40286?
2, 20143
List the prime factors of 56276.
2, 11, 1279
List the prime factors of 2870.
2, 5, 7, 41
List the prime factors of 765.
3, 5, 17
What are the prime factors of 34807?
34807
List the prime factors of 35876.
2, 8969
What are the prime factors of 65?
5, 13
What are the prime factors of 6091?
6091
List the prime factors of 10620.
2, 3, 5, 59
List the prime factors of 3448.
2, 431
List the prime factors of 4581.
3, 509
List the prime factors of 3049.
3049
What are the prime factors of 18803?
18803
What are the prime factors of 3067?
3067
What are the prime factors of 13212?
2, 3, 367
What are the prime factors of 11993?
67, 179
What are the prime factors of 510?
2, 3, 5, 17
What are the prime factors of 3917?
3917
List the prime factors of 11901.
3, 3967
List the prime factors of 16614.
2, 3, 13, 71
List the prime factors of 24963.
3, 53, 157
What are the prime factors of 107132?
2, 26783
List the prime factors of 8723.
11, 13, 61
List the prime factors of 9317.
7, 11
What are the prime factors of 24914?
2, 12457
List the prime factors of 17645.
5, 3529
What are the prime factors of 2910?
2, 3, 5, 97
What are the prime factors of 37841?
79, 479
What are the prime factors of 23607?
3, 43, 61
What are the prime factors of 549?
3, 61
What are the prime factors of 49755?
3, 5, 31, 107
List the prime factors of 22223.
71, 313
List the prime factors of 765.
3, 5, 17
List the prime factors of 80385.
3, 5, 23, 233
What are the prime factors of 22205?
5, 4441
List the prime factors of 4064.
2, 127
What are the prime factors of 979?
11, 89
List the prime factors of 71435.
5, 7, 13, 157
What are the prime factors of 15368?
2, 17, 113
What are the prime factors of 5389?
17, 317
List the prime factors of 1212.
2, 3, 101
What are the prime factors of 75037?
75037
List the prime factors of 5304.
2, 3, 13, 17
List the prime factors of 22094.
2, 11047
What are the prime factors of 3879?
3, 431
What are the prime factors of 216?
2, 3
List the prime factors of 4196.
2, 1049
What are the prime factors of 1124?
2, 281
List the prime factors of 5962.
2, 11, 271
List the prime factors of 85240.
2, 5, 2131
What are the prime factors of 1439?
1439
List the prime factors of 29907.
3, 3323
What are the prime factors of 40889?
31, 1319
List the prime factors of 24012.
2, 3, 23, 29
What are the prime factors of 12473?
12473
List the prime factors of 19750.
2, 5, 79
What are the prime factors of 241?
241
What are the prime factors of 37134?
2, 3, 2063
What are the prime factors of 179?
179
List the prime factors of 15715.
5, 7, 449
List the prime factors of 154.
2, 7, 11
What are the prime factors of 504?
2, 3, 7
What are the prime factors of 4504?
2, 563
What are the prime factors of 20830?
2, 5, 2083
What are the prime factors of 312?
2, 3, 13
What are the prime factors of 7050?
2, 3, 5, 47
What are the prime factors of 2003?
2003
List the prime factors of 10218.
2, 3, 13, 131
List the prime factors of 258.
2, 3, 43
What are the prime factors of 27923?
7, 3989
List the prime factors of 20390.
2, 5, 2039
What are the prime factors of 4039?
7, 577
List the prime factors of 38937.
3, 12979
List the prime factors of 74516.
2, 13, 1433
List the prime factors of 1312.
2, 41
List the prime factors of 1398.
2, 3, 233
List the prime factors of 935.
5, 11, 17
List the prime factors of 2775.
3, 5, 37
List the prime factors of 681.
3, 227
What are the prime factors of 46674?
2, 3, 2593
List the prime factors of 75177.
3, 8353
What are the prime factors of 13946?
2, 19, 367
What are the prime factors of 4178?
2, 2089
List the prime factors of 90140.
2, 5, 4507
What are the prime factors of 5059?
5059
List the prime factors of 21598.
2, 10799
What are the prime factors of 1248?
2, 3, 13
What are the prime factors of 864?
2, 3
List the prime factors of 2998.
2, 1499
List the prime factors of 8704.
2, 17
List the prime factors of 1991.
11, 181
List the prime factors of 516.
2, 3, 43
What are the prime factors of 110743?
59, 1877
What are the prime factors of 316?
2, 79
List the prime factors of 206.
2, 103
What are the prime factors of 123?
3, 41
List the prime factors of 50013.
3, 5557
List the prime factors of 1392.
2, 3, 29
List the prime factors of 60304.
2, 3769
List the prime factors of 26177.
26177
What are the prime factors of 890?
2, 5, 89
List the prime factors of 967.
967
List the prime factors of 73523.
73523
List the prime factors of 136.
2, 17
What are the prime factors of 953?
953
List the prime factors of 235.
5, 47
List the prime factors of 394.
2, 197
What are the prime factors of 1574?
2, 787
What are the prime factors of 69705?
3, 5, 1549
What are the prime factors of 107133?
3, 13, 41, 67
What are the prime factors of 23223?
3, 7741
What are the prime factors of 83477?
83477
What are the prime factors of 22164?
2, 3, 1847
List the prime factors of 4638.
2, 3, 773
What are the prime factors of 1863?
3, 23
List the prime factors of 22173.
3, 19, 389
List the prime factors of 287.
7, 41
What are the prime factors of 98766?
2, 3, 31, 59
List the prime factors of 6503.
7, 929
List the prime factors of 24982.
2, 12491
What are the prime factors of 764?
2, 191
List the prime factors of 17480.
2, 5, 19, 23
What are the prime factors of 789?
3, 263
List the prime factors of 44.
2, 11
What are the prime factors of 2642?
2, 1321
What are the prime factors of 15881?
15881
List the prime factors of 1414.
2, 7, 101
What are the prime factors of 184607?
184607
List the prime factors of 17228